s -1101110000101001111 + 0?
-1101110000101001111
In base 4, what is -10203201 - 301?
-10210102
In base 9, what is -32 - 114?
-146
In base 11, what is -369815 + 6?
-36980a
In base 7, what is -2 + 6433431?
6433426
In base 2, what is 11011010101111101 + -11010?
11011010101100011
In base 3, what is -12221202 - 121?
-12222100
In base 8, what is -52525 + 5?
-52520
In base 9, what is -3 + -8077?
-8081
In base 8, what is -46 + 4270?
4222
In base 13, what is 10a - 29b4?
-28a7
In base 15, what is -c87 - 169?
-e01
In base 13, what is -1b884 + -5?
-1b889
In base 2, what is 1 - 1011111111000000?
-1011111110111111
In base 14, what is -139 + -2246?
-2381
In base 3, what is -1001 + -1111201?
-1112202
In base 11, what is -5 + -2a0a3?
-2a0a8
In base 8, what is 254253 - 12?
254241
In base 14, what is -47c - 13a2?
-1840
In base 10, what is 969 + 536?
1505
In base 13, what is -4 + 1206b?
12067
In base 15, what is 7c85e + 0?
7c85e
In base 12, what is -a - -1b973?
1b965
In base 7, what is 43 + 3313?
3356
In base 15, what is 10377 + 2?
10379
In base 14, what is -83b - -7d?
-79c
In base 7, what is -16224 - -13?
-16211
In base 3, what is 1021121 - -210112?
2002010
In base 14, what is 7 + 449?
452
In base 12, what is 34485 + 2?
34487
In base 8, what is 2146 - -10?
2156
In base 3, what is -10 - -1011200?
1011120
In base 14, what is 2 - -35c69a?
35c69c
In base 16, what is 3 + -6458?
-6455
In base 14, what is -3 - 25d7?
-25da
In base 10, what is 25131 - -21?
25152
In base 14, what is d1bb - -c2?
d29d
In base 3, what is 2 - -1122220221100?
1122220221102
In base 11, what is 198 + -17070?
-16983
In base 10, what is -257665 - -4?
-257661
In base 4, what is 22 - 121022200?
-121022112
In base 14, what is 2717b1 + 3?
2717b4
In base 8, what is -3 + 64552?
64547
In base 10, what is 76103 + -1?
76102
In base 12, what is -962 + 4b?
-913
In base 2, what is -1111001101110000 + 1?
-1111001101101111
In base 3, what is 12102010100 + 10?
12102010110
In base 10, what is -21637 + 44?
-21593
In base 5, what is -202330033 - 4?
-202330042
In base 14, what is 3 + 3d9c7?
3d9ca
In base 4, what is 1001220332 + -11?
1001220321
In base 14, what is 3 - -11c1c?
11c21
In base 9, what is 811 + -731?
70
In base 5, what is -14322430 + 3?
-14322422
In base 2, what is -10 - 1110100?
-1110110
In base 14, what is -4 + -16ca6?
-16caa
In base 4, what is -10 - 1322332021?
-1322332031
In base 4, what is -1033201 - -11?
-1033130
In base 4, what is 1 - -2133012?
2133013
In base 13, what is -3c - -2904?
2895
In base 5, what is -1 - -1334214?
1334213
In base 14, what is b5978 - -4?
b597c
In base 8, what is 4 - -11540?
11544
In base 16, what is -3 + -6653?
-6656
In base 3, what is -102021 - 21100111?
-21202202
In base 3, what is -201120 + 11022?
-120021
In base 15, what is 30ba - 2?
30b8
In base 8, what is 5 - -11100?
11105
In base 3, what is -11 + 1100021120121?
1100021120110
In base 2, what is 1 + 1110000001001?
1110000001010
In base 2, what is 1101110001100000 - -1000?
1101110001101000
In base 12, what is 3b8 - -91?
489
In base 3, what is 21121102020 - 10?
21121102010
In base 15, what is 584 - 37?
54c
In base 16, what is 1 + 12dce?
12dcf
In base 12, what is -5 + 199a?
1995
In base 2, what is -1111111 + -1?
-10000000
In base 7, what is -131310 - 1?
-131311
In base 9, what is -104856 + 2?
-104854
In base 13, what is -a0 - 2a?
-ca
In base 11, what is 19571 + 11?
19582
In base 7, what is 26264 + 1?
26265
In base 16, what is 8 + f35?
f3d
In base 10, what is -1877 + 130?
-1747
In base 11, what is -4 + 1074a4?
1074a0
In base 14, what is -29 + -1d5d?
-1d88
In base 7, what is -5552 + -220?
-6102
In base 9, what is -1264 + -13?
-1277
In base 2, what is -1000001110111 - -10110000?
-111111000111
In base 11, what is -1a90519 - 2?
-1a90520
In base 14, what is -b7bc + d2?
-b6ca
In base 11, what is 31a - -5547?
5866
In base 13, what is 24 - -4850?
4874
In base 5, what is 3 - 44132?
-44124
In base 10, what is -315 - -140?
-175
In base 7, what is -65 - -1125?
1030
In base 12, what is 3562 + 5?
3567
In base 9, what is -61 + -27?
-88
In base 9, what is -4 + 1574685?
1574681
In base 9, what is -14704 + 41?
-14653
In base 16, what is -4 - 20bc?
-20c0
In base 5, what is -31124 + 132?
-30442
In base 12, what is -50a9 - 101?
-51aa
In base 7, what is -5052 - 54?
-5136
In base 10, what is -3964 - 15?
-3979
In base 16, what is 3c96 - -f0?
3d86
In base 15, what is -38 - -3ca?
392
In base 4, what is 1311 + -3032?
-1121
In base 16, what is 63fb - 4?
63f7
In base 8, what is 41 - -510?
551
In base 5, what is -34410 + -10140?
-100100
In base 3, what is 1112 - -10010110?
10011222
In base 13, what is -2 + 3aacb?
3aac9
In base 3, what is 10 + -111112100?
-111112020
In base 4, what is 222223 - 33?
222130
In base 15, what is 68 - -1e8d?
2006
In base 13, what is 2 - 3667?
-3665
In base 15, what is 4 + -1e76?
-1e72
In base 6, what is 1420251 + 2?
1420253
In base 6, what is 51330 + 30?
51400
In base 12, what is -33a - -a0?
-25a
In base 4, what is -10 + 3013333?
3013323
In base 2, what is 10011110100111000 - 1?
10011110100110111
In base 10, what is -41 - -1458?
1417
In base 6, what is -243 + 105521?
105234
In base 9, what is 1434 + -41?
1383
In base 8, what is -210 - -307?
77
In base 3, what is 2021001 + -122?
2020102
In base 3, what is 212 - -112010121?
112011110
In base 10, what is -45 + -2493?
-2538
In base 10, what is 182 - 12093?
-11911
In base 10, what is -1 - -62781?
62780
In base 14, what is 2 - -85b76?
85b78
In base 7, what is -165 - 242?
-440
In base 16, what is 1b - 89f0?
-89d5
In base 9, what is -3 - -1663007?
1663004
In base 15, what is -175a69 - -1?
-175a68
In base 11, what is 12 + -9009?
-8aa7
In base 12, what is 7 - -3493?
349a
In base 5, what is -100232 + 1034?
-44143
In base 8, what is -3 - 403262?
-403265
In base 11, what is 3142aa + 0?
3142aa
In base 16, what is -a + -4531?
-453b
In base 11, what is 201140 + -12?
201129
In base 2, what is 1010 + -11000100100?
-11000011010
In base 6, what is -50 + 52?
2
In base 2, what is 10 + -111111111110101101?
-111111111110101011
In base 14, what is 28 + -b0a9?
-b081
In base 6, what is -20 + -124433?
-124453
In base 11, what is -29052 + -1?
-29053
In base 16, what is 5 + -f8a37?
-f8a32
In base 11, what is -2 - -197a2?
197a0
In base 2, what is 101 + -11101011100000?
-11101011011011
In base 14, what is -a94 + 852?
-242
In base 5, what is -102444 + -1233?
-104232
In base 2, what is -100 - -111000101001011?
111000101000111
In base 3, what is -11100010011 + -2?
-11100010020
In base 11, what is 3326a39 + -2?
3326a37
In base 15, what is 3c + -d?
2e
In base 7, what is -36046 + -34?
-36113
In base 7, what is 145015 + -24?
144661
In base 9, what is -1101 - 53?
-1154
In base 14, what is 64 + 6b?
d1
In base 10, what is -24 - -37288?
37264
In base 15, what is -10d + 240?
132
In base 14, what is 3a178 + -5?
3a173
In base 8, what is -7014 - -173?
-6621
In base 9, what is -21 - 1385?
-1416
In base 9, what is -50 - -1303?
1243
In base 11, what is -8 - 6329?
-6336
In base 14, what is a48 + -26?
a22
In base 9, what is 8255 + -11?
8244
In base 11, what is -2 - -10892?
10890
In base 9, what is 172 + 288?
471
In base 13, what is -6847 + 1?
-6846
In base 4, what is -10111102 + 211?
-10110231
In base 6, what is 1 + 2330124?
2330125
In base 3, what is -12 + -12122221201?
-12122221220
In base 10, what is -5 + 193674?
193669
In base 3, what is -20 - 1221121?
-1221211
In base 7, what is 36060 + 12?
36102
In base 11, what is -71 - 2706?
-2777
In base 13, what is 104b2 + -2?
104b0
In base 14, what is -c - 37c7?
-37d5
In base 2, what is 11001 + 1000110011?
1001001100
In base 6, what is 204130 + -4?
204122
In base 7, what is 2624065 + 0?
2624065
In base 9, what is 20 + 262?
282
In base 6, what is 301330 - -424?
302154
In base 11, what is -219579 - 3?
-219581
In base 5, what is -1031344423 - 2?
-1031344430
In base 6, what is 4 + -3102540?
-3102532
In base 3, what is -1102001201 + -2012?
-1102010220
In base 7, what is -11 - 1042334?
-1042345
In base 14, what is -1b4b + 18?
-1b33
In base 8, what is -111747 + -7?
-111756
In base 12, what is -98a - 195?
-b63
In base 2, what is -1000000000010001 + -10111?
-1000000000101000
In base 8, what is 25 - -106272?
106317
In base 3, what is 11 + -1001222220?
-1001222202
In base 15, what is -436